{"id":170,"date":"2018-09-14T18:57:40","date_gmt":"2018-09-14T21:57:40","guid":{"rendered":"http:\/\/ruben.toriel.com.ar\/wp\/?page_id=170"},"modified":"2025-07-23T14:20:51","modified_gmt":"2025-07-23T17:20:51","slug":"aptitudes","status":"publish","type":"page","link":"https:\/\/ruben.toriel.com.ar\/?page_id=170","title":{"rendered":"Aptitudes"},"content":{"rendered":"<ul>\n<li>Cuento con una s\u00f3lida capacidad de liderazgo y gesti\u00f3n de equipos multidisciplinarios, combinada con r\u00e1pida adaptaci\u00f3n a nuevos entornos y tecnolog\u00edas.<\/li>\n<li>Poseo pensamiento anal\u00edtico y estrat\u00e9gico, autonom\u00eda para la toma de decisiones y un alto grado de compromiso en cada proyecto.<\/li>\n<li>Me caracterizo por la orientaci\u00f3n a resultados, la iniciativa propia y la perseverancia frente a desaf\u00edos.<\/li>\n<li>Manejo de manera efectiva la resoluci\u00f3n de conflictos, la comunicaci\u00f3n asertiva y la conciliaci\u00f3n de intereses en entornos colaborativos.<\/li>\n<li>Valoro tanto el trabajo en equipo como la capacidad de delegar y desarrollar el talento de los dem\u00e1s.<\/li>\n<li>Tengo un perfil resolutivo y expeditivo, con gran capacidad para identificar oportunidades de mejora y optimizar procesos.<\/li>\n<li>Poseo gran capacidad de liderazgo, facile aprendizaje, an\u00e1lisis, autonom\u00eda, alto grado de compromiso, toma de iniciativas.<\/li>\n<li>Soy una persona orientada a los resultados, con habilidad para el manejo de conflictos. Conciliador y perseverante.<\/li>\n<li>Cuento con aptitudes tanto para la cooperaci\u00f3n grupal como intra grupal, as\u00ed\u00ad como en la delegaci\u00f3n de tareas.<\/li>\n<li>Tengo un car\u00e1cter resolutivo y expeditivo.<\/li>\n<\/ul>\n","protected":false},"excerpt":{"rendered":"<p>Cuento con una s\u00f3lida capacidad de liderazgo y gesti\u00f3n de equipos multidisciplinarios, combinada con r\u00e1pida adaptaci\u00f3n a nuevos entornos y tecnolog\u00edas. Poseo pensamiento anal\u00edtico y estrat\u00e9gico, autonom\u00eda para la toma de decisiones y un alto grado de compromiso en cada proyecto. Me caracterizo por la orientaci\u00f3n a resultados, la iniciativa propia y la perseverancia frente [&hellip;]<\/p>\n","protected":false},"author":2,"featured_media":0,"parent":0,"menu_order":0,"comment_status":"closed","ping_status":"closed","template":"","meta":{"footnotes":""},"class_list":["post-170","page","type-page","status-publish","hentry","entry"],"_links":{"self":[{"href":"https:\/\/ruben.toriel.com.ar\/index.php?rest_route=\/wp\/v2\/pages\/170","targetHints":{"allow":["GET"]}}],"collection":[{"href":"https:\/\/ruben.toriel.com.ar\/index.php?rest_route=\/wp\/v2\/pages"}],"about":[{"href":"https:\/\/ruben.toriel.com.ar\/index.php?rest_route=\/wp\/v2\/types\/page"}],"author":[{"embeddable":true,"href":"https:\/\/ruben.toriel.com.ar\/index.php?rest_route=\/wp\/v2\/users\/2"}],"replies":[{"embeddable":true,"href":"https:\/\/ruben.toriel.com.ar\/index.php?rest_route=%2Fwp%2Fv2%2Fcomments&post=170"}],"version-history":[{"count":17,"href":"https:\/\/ruben.toriel.com.ar\/index.php?rest_route=\/wp\/v2\/pages\/170\/revisions"}],"predecessor-version":[{"id":468,"href":"https:\/\/ruben.toriel.com.ar\/index.php?rest_route=\/wp\/v2\/pages\/170\/revisions\/468"}],"wp:attachment":[{"href":"https:\/\/ruben.toriel.com.ar\/index.php?rest_route=%2Fwp%2Fv2%2Fmedia&parent=170"}],"curies":[{"name":"wp","href":"https:\/\/api.w.org\/{rel}","templated":true}]}}